 + -313?
314
In base 13, what is -a + 2622?
2615
In base 14, what is 36 + -52bd?
-5287
In base 11, what is -74107 - -2?
-74105
In base 11, what is -14158 + -50?
-141a8
In base 2, what is -100001111111110 + -1111?
-100010000001101
In base 10, what is -5180 - 11?
-5191
In base 13, what is 2a - 257?
-22a
In base 7, what is -1142 + -6?
-1151
In base 16, what is -bc1 + -47?
-c08
In base 9, what is -12848 - -17?
-12831
In base 8, what is -16311 - 104?
-16415
In base 11, what is -667 - 37?
-6a3
In base 2, what is -1010 + 10010111110001010?
10010111110000000
In base 3, what is -12211112221 + 22?
-12211112122
In base 15, what is -16c0 + -a?
-16ca
In base 3, what is -1222102212 + -10?
-1222102222
In base 8, what is 5 - 576025?
-576020
In base 9, what is 3 + 24445?
24448
In base 7, what is 15626 - 34?
15562
In base 9, what is -121 + -1752?
-1873
In base 14, what is 457 + 50?
4a7
In base 15, what is 2b4 + -9?
2aa
In base 9, what is -31045246 - 1?
-31045247
In base 12, what is 6 + -127b5?
-127ab
In base 4, what is -2033002 - -2131?
-2030211
In base 2, what is 10110100100000000 - -100?
10110100100000100
In base 4, what is 3020203 + 10?
3020213
In base 5, what is -140 + 1424430?
1424240
In base 2, what is -111 + 10101111101?
10101110110
In base 6, what is -3522 + -24031?
-31553
In base 10, what is 100 - 602?
-502
In base 3, what is 100200 - -11220?
112120
In base 15, what is -52 + -60a?
-65c
In base 12, what is 4488 - -46?
4512
In base 8, what is 40723 + -123?
40600
In base 16, what is -50 + -a6e6?
-a736
In base 2, what is -10000 + -1100111100000?
-1100111110000
In base 9, what is -2 - -171776?
171774
In base 9, what is -15 - -28?
13
In base 8, what is -561232 + 1?
-561231
In base 13, what is -135ab90 + -4?
-135ab94
In base 6, what is -2 + -225514?
-225520
In base 13, what is -3730 - 7a?
-37aa
In base 15, what is 1 + -108b5?
-108b4
In base 12, what is 9b0 + -b?
9a1
In base 4, what is 1133130 + -111?
1133013
In base 7, what is 22325 - 31?
22264
In base 16, what is -434b - -5?
-4346
In base 11, what is -3133 + 53?
-3090
In base 7, what is -111 - -1352?
1241
In base 7, what is 462 - 434?
25
In base 5, what is -10 - -23040214?
23040204
In base 12, what is 30834b + -1?
30834a
In base 11, what is 40396 - 90?
40306
In base 4, what is 1300320232 - 30?
1300320202
In base 9, what is 1 - 458535?
-458534
In base 9, what is 4 + -2203?
-2188
In base 14, what is -520c1 - 1?
-520c2
In base 10, what is 45 - 1414?
-1369
In base 12, what is 5 + -86b7?
-86b2
In base 7, what is -51134522 + -4?
-51134526
In base 2, what is 1001111011000 - 10001010?
1001101001110
In base 5, what is 1003321 - -3?
1003324
In base 14, what is -750d - -4?
-7509
In base 3, what is 1012 - 101122?
-100110
In base 11, what is -706 + -398?
-aa3
In base 11, what is -319 - 6?
-324
In base 7, what is 3240 + -313?
2624
In base 16, what is 8d + 17?
a4
In base 3, what is 10220100 + 21110?
11011210
In base 14, what is 7d7b7 + -3?
7d7b4
In base 16, what is 10 - eed?
-edd
In base 4, what is -130003 + 110?
-123233
In base 8, what is 274131 + -35?
274074
In base 9, what is 164 - -15180?
15354
In base 2, what is 1001001111 + 111010010?
10000100001
In base 5, what is -120204 - -214?
-114440
In base 2, what is -10111000101 + 110?
-10110111111
In base 13, what is 17189 + 33?
171bc
In base 10, what is -132 + 14?
-118
In base 16, what is -80b - 49?
-854
In base 13, what is -18854 + 7?
-1884a
In base 16, what is -f + -f4d?
-f5c
In base 10, what is 409259 - -4?
409263
In base 7, what is 1 + -322360?
-322356
In base 2, what is -1011 - -101001100101001110?
101001100101000011
In base 4, what is 1210 + 3133120?
3200330
In base 6, what is 14 - 3512411?
-3512353
In base 3, what is -211 + 12000101?
11222120
In base 8, what is 11 - 20711?
-20700
In base 8, what is 5 + -36515?
-36510
In base 14, what is -8b46 - -2a?
-8b1a
In base 7, what is -1556465 - -4?
-1556461
In base 8, what is 12 + -42021?
-42007
In base 15, what is 0 - 43a?
-43a
In base 14, what is -9 - -49614?
49609
In base 12, what is 3340 + -1?
333b
In base 16, what is -32 + -55?
-87
In base 8, what is 5466 + 1036?
6524
In base 15, what is -71b51 + -3?
-71b54
In base 15, what is 12 + 87d?
890
In base 3, what is 20212101212 - 0?
20212101212
In base 15, what is -42 + -76b?
-7ad
In base 12, what is -3440 - a5?
-3525
In base 14, what is 0 + 4464?
4464
In base 13, what is 10b + -41?
9a
In base 4, what is 1001203 - 13?
1001130
In base 3, what is 22221121112 - -1?
22221121120
In base 11, what is 23 + -4a9?
-486
In base 7, what is 46 + -3325?
-3246
In base 9, what is 4115665 - 5?
4115660
In base 7, what is -3 + -2340?
-2343
In base 14, what is -102c + a9?
-d63
In base 7, what is 3 + 5026031?
5026034
In base 2, what is -1 - 110001011011000?
-110001011011001
In base 16, what is -17100 - 1?
-17101
In base 2, what is 1101001010101 - -10110000?
1101100000101
In base 9, what is 410054 - -3?
410057
In base 5, what is -13102011 - 1?
-13102012
In base 9, what is -4 - 1886581?
-1886585
In base 15, what is 24dc - 5?
24d7
In base 13, what is 9 + 6785?
6791
In base 16, what is -8fee + -2?
-8ff0
In base 11, what is -29 + -301?
-32a
In base 11, what is 37 + 2094?
2120
In base 16, what is -67 + 4c0?
459
In base 5, what is -2041402 + 131?
-2041221
In base 11, what is -93320 - 3?
-93323
In base 12, what is -b697 - -2?
-b695
In base 13, what is 6c + -2c?
40
In base 3, what is -110211122200 + 22?
-110211122101
In base 16, what is -4 + -2614?
-2618
In base 15, what is 2d - 1e?
e
In base 2, what is 100000001010011001 + 1111?
100000001010101000
In base 12, what is a200 + 4?
a204
In base 7, what is 3423 - -1?
3424
In base 13, what is -52 - 32?
-84
In base 16, what is -43ad7 + 4?
-43ad3
In base 13, what is -1240 - 5?
-1245
In base 15, what is -60a6 + 28?
-607d
In base 4, what is 3 + -1120003123?
-1120003120
In base 3, what is -2 - 121011201?
-121011210
In base 13, what is 0 + 80732?
80732
In base 3, what is 0 - 222021111?
-222021111
In base 15, what is -c1 + -87?
-158
In base 7, what is -5 - -123216?
123211
In base 9, what is 253 - 51?
202
In base 3, what is -2211122 - 10100200?
-20012022
In base 8, what is 2 - 76437?
-76435
In base 5, what is 30404223 - 3?
30404220
In base 12, what is 15b67 - -9?
15b74
In base 3, what is -1 - -1220102101?
1220102100
In base 9, what is 5 - 187380?
-187374
In base 8, what is 162 - 2257?
-2075
In base 9, what is 174471 - -4?
174475
In base 4, what is 21301310 + -1?
21301303
In base 8, what is 60 + 12570?
12650
In base 2, what is 10101 - 10110111000011?
-10110110101110
In base 9, what is 143160 - 2?
143157
In base 5, what is -4330 - 10230?
-20110
In base 7, what is 4 - 6351656?
-6351652
In base 4, what is -1120 + 22121?
21001
In base 12, what is -17b + 8?
-173
In base 9, what is 476 - 184?
282
In base 6, what is 1 - -1521115?
1521120
In base 12, what is -108 - 34?
-140
In base 13, what is -2a86a + 14?
-2a856
In base 14, what is -d42cb - -4?
-d42c7
In base 4, what is 3 + -1222122?
-1222113
In base 13, what is -406 - 4a?
-453
In base 15, what is -2c - -4d0d?
4cd1
In base 2, what is -10101001 + -11111100?
-110100101
In base 9, what is 11 + 20734?
20745
In base 16, what is -1 + 1dd1?
1dd0
In base 9, what is 227 + -1306?
-1068
In base 14, what is 2b040 + -9?
2b035
In base 11, what is -1276342 + 0?
-1276342
In base 7, what is -16016 - -25?
-15661
In base 4, what is -220112 + -12?
-220130
In base 8, what is -1 + -165247?
-165250
In base 13, what is -75bb9 - -3?
-75bb6
In base 2, what is -100 - 111110101011?
-111110101111
In base 8, what is -2 - -40620?
40616
In base 12, what is -2 - -5211?
520b
In base 14, what is -869 + d?
-85a
In base 16, what is -5 + -9c90f?
-9c914
In base 15, what is 4 + -6c20?
-6c1b
In base 4, what is -2 - -2000312?
2000310
In base 12, what is 2273a + 3?
22741
In base 4, what is 1001333 - -131?
1002130
In base 11, what is -193 - -11?
-182
In base 16, what is 11 - 1fe?
-1ed
In base 11, what is -2a - 189?
-208
In base 7, what is 406 + 6261?
10000
In base 10, what is 294045 - 4?
294041
In base 7, what is -2 - 3120142?
-3120144
In base 12, what is -9b60 - -3?
-9b59
In base 9, what is 5617 - -57?
5675
In base 5, what is -212 + 124004?
123242
In base 13, what is 1c55b2 - 3?
1c55ac
In base 5, what is 3 + 4413?
4421
In base 11, what is 253 - -255?
4a8
In base 5, w